 + 837 - 15/(n/4)?
29
Let h(d) = -102*d - 55*d + 5*d + 16*d - 34. Let w be h(-11). List the prime factors of ((-18)/(-4) + -1)/(43/w).
7, 17
Let f(v) = -16*v - 53. Let c be f(-4). List the prime factors of (-6)/c + 6132/231.
2, 13
Suppose 0 = 21*w - 10*w - 44. Suppose 5*q + 3*t = 2566, t - 761 = -w*q + 1289. List the prime factors of q.
2
Suppose 0 = -3*l + x + 1771, -17*x = 18*l - 18*x - 10606. List the prime factors of l.
19, 31
Suppose 45 = 5*r - s - 293, 5*r - 342 = -s. Suppose t = -3*g + r, -4*g + 3*t = t - 74. List the prime factors of g.
3, 7
Let t(n) = 35*n**2 - 31*n + 209. What are the prime factors of t(-12)?
7, 11, 73
Suppose f + 2*a + 84 = 0, 66 + 108 = -2*f + 2*a. Let u = 208 + f. What are the prime factors of u?
2, 61
Let v(j) be the first derivative of 1 + 2/3*j**3 + 2*j**2 - 4*j. What are the prime factors of v(-6)?
2, 11
Let o = -22 + -151. Let u = 248 + o. List the prime factors of u.
3, 5
Let d(t) = -7 - 2 - 2 + 11*t. Suppose -4*i + 35 = -x, 21*x - 35 = -3*i + 20*x. List the prime factors of d(i).
3, 11
Suppose 10*k - 7 = 11*k. Let i(p) = 4*p + 24. Let n be i(k). What are the prime factors of ((-105)/n + 0)*(0 + 4)?
3, 5, 7
Suppose -21 = -g - 4*u - 14, -5*g + 3*u = 57. What are the prime factors of (-544181)/(-549) + 2*1/g?
991
Let s = 243 - 211. Suppose 0 = s*n - 29*n - 855. List the prime factors of n.
3, 5, 19
Let i = -15975 - -27950. List the prime factors of i.
5, 479
Suppose -41393 = -38*y + 328651. What are the prime factors of y?
2, 3, 541
Let k = 23 - 51. Let h = k - -38. List the prime factors of 2*-1*(-185)/h.
37
Suppose -o = -i + 3*i - 631, 3*i + 2*o = 948. Let n = -207 + i. What are the prime factors of n?
107
Let v(m) = -5*m + 21. Let s be v(6). What are the prime factors of s/(10/(-130)*(-2)/(-10))?
3, 5, 13
Suppose -3*n + 2*x + 18 = 0, 6 = -n + 2*n + 4*x. Suppose -n*z + 3*z = 2325. List the prime factors of (z/(-15))/(3/9).
5, 31
Let m be (-8 + 2)*(-10)/3. What are the prime factors of 5 + (23 - m) + (-1488)/(-2)?
2, 47
Suppose -7*b + 0*b = -875. Let u = -51 + b. What are the prime factors of u?
2, 37
Let y = 1176 - 1672. Let l = -213 - y. What are the prime factors of l?
283
Suppose -6 = 2*v, 3*s + 6*v - v - 24 = 0. Suppose -s*j + 10*j + 36 = 0. Suppose -j*r + r + 2156 = 0. List the prime factors of r.
2, 7
Let n = 21551 - 9371. What are the prime factors of n?
2, 3, 5, 7, 29
Let r(c) = -72*c**3 + 48*c**2 + 7*c + 7. List the prime factors of r(-4).
3, 5, 7, 17
Let x(w) = w + 14. Let g be x(-11). List the prime factors of (44/16)/((-3)/(-1908)*g).
11, 53
Suppose 7*c + 2052 = -2*c. Let i = 462 + c. What are the prime factors of i?
2, 3, 13
Suppose 0 = 24*j - 579864 + 158088. What are the prime factors of j?
2, 3, 29, 101
Suppose -o + 4*o = 3*x - 12420, -3*x = o + 4140. What are the prime factors of (67 + 3)/10*o/(-14)?
2, 3, 5, 23
Let h(l) = l**3 + 22*l**2 + 36*l + 43. Let x(p) = -6*p + 57. Let k be x(12). List the prime factors of h(k).
2, 7, 11
Let n(d) = d**3 - 14*d**2 - 15*d + 2. Let u be n(15). Let s(r) = 60*r**2 + 26*r - 4. List the prime factors of s(u).
2, 3
List the prime factors of (5682/8)/((24/(-1152))/(-1)).
2, 3, 947
Suppose 4*d - 13 = -9. List the prime factors of (82/(-164))/(d/(-162)).
3
Let t(c) = 3*c**2 - 91*c - 59. Let a be t(31). Suppose 5*i - 3912 = -u - 2*u, 0 = -4*i + a*u + 3135. What are the prime factors of i?
3, 29
Let y(b) = -9*b - 54. Let r be y(4). List the prime factors of r*(1232/(-35))/4.
2, 3, 11
Suppose -6 = 9*i - 312. Let r be -30*(-6)/9*2. Suppose -i*j - 756 = -r*j. What are the prime factors of j?
2, 3, 7
Let j be 1*(-5 + -31)/(-4). Suppose 0 = -j*l + 4*l + 1055. List the prime factors of l.
211
Let g be ((-4)/8)/((-2)/8). Suppose -3*l - 1139 = -6*l + 5*s, g*l = -s + 781. List the prime factors of l.
2, 97
Let z(a) = -a**3 + 2*a**2 - 4*a + 154. Let d = 270 + -270. What are the prime factors of z(d)?
2, 7, 11
Let o = 3814 + -3361. What are the prime factors of o?
3, 151
Let q = 17 - 20. Let x be (-2 - q)/(5/25). Suppose 7*j - 2*j + 640 = x*a, -4*j = 12. List the prime factors of a.
5
Let i = -73586 + 111480. List the prime factors of i.
2, 18947
Suppose -2*p = -0*s + 4*s - 228, -s + 57 = 3*p. Let a(q) = -89*q. Let k be a(1). Let b = s - k. What are the prime factors of b?
2, 73
Let p = 27474 + -25253. List the prime factors of p.
2221
Let r(h) = -h**3 + 3*h**3 + 20 - h**3 + 15*h**2 + 2*h - h. Let w be r(-15). Suppose c = n - 40, 3*n + 101 = w*n + 5*c. What are the prime factors of n?
43
Suppose -6*g = -3292 + 10420. Let c = -787 - g. Suppose -4*l - l + c = -2*q, q - 76 = -l. What are the prime factors of l?
79
Suppose 9 = -5*s - 6. Let g be -4 - (0 - 14) - 12/3. List the prime factors of (2/s)/(8/g)*-236.
2, 59
Suppose -14 = -l + 4*q + 7, 0 = l - 2*q - 19. List the prime factors of 1 + (-4)/2 + 1141 + l.
13, 89
Suppose -2*t + 4*t = 2*b - 24, 2*b - 3*t - 24 = 0. Suppose 2*l + 19 = 4*l - 5*o, 0 = -l + 3*o + b. List the prime factors of (4 - l)/(1/19).
7, 19
Let a be 9 - (-1 + 8 + -5). Suppose 1430 = -a*b + 20*b. Let o = b - 101. What are the prime factors of o?
3
Suppose -102*w - 1546083 = -199*w. List the prime factors of w.
3, 7, 11, 23
Let i be -26 + 30 + (7 - -1)*66. Suppose -2*r + i = -6. List the prime factors of r.
269
Let l(m) = 181*m + 465. Let g be l(-17). Let x = 3729 + g. List the prime factors of x.
1117
Let h(n) = 7*n**2 - 2. Let v be h(1). Suppose v*y = 2614 - 9. What are the prime factors of y?
521
Suppose 2*t + 2*p - 7 - 9 = 0, 2*p = 5*t - 5. Suppose o - 2*q = 3*o - 724, t*q = -o + 366. Suppose -h - 8*h = -o. What are the prime factors of h?
2, 5
Let v(c) = 42*c**2 - 10*c + 188. What are the prime factors of v(17)?
2, 3, 1013
Let x = -254 - -65. Let b = x - -270. Let f = b - 50. List the prime factors of f.
31
Let m(g) = -41*g**3 + 333 - g**2 - 62*g**3 - 331. Let c be m(-1). Suppose 0 = -q + 4*w - w + c, -w - 1 = 0. List the prime factors of q.
101
Suppose -5*w + 28 + 20 = s, 4*w = 8. Let k = s + -32. Suppose -t + k*t = 415. List the prime factors of t.
83
Suppose -32*d + 31572 = -28*d. List the prime factors of d.
3, 877
What are the prime factors of -38*(-4637)/8 - 65/((-5980)/(-69))?
5, 881
Let y(m) = 9*m**2 - 18*m + 251. What are the prime factors of y(41)?
2, 7321
Let b(s) = -32*s - 221. Let n be b(-7). Suppose -4*r + 1267 = n*y, -71*y - r + 423 = -70*y. What are the prime factors of y?
5, 17
Let k(l) = -32 + 11*l + 3*l**2 - 12 + 4*l**2 - 5*l**2. What are the prime factors of k(-20)?
2, 67
Suppose -781*m - 13848 = -785*m. List the prime factors of m.
2, 3, 577
Let f(b) = 2*b**3 - 88*b**2 + 6. Let z be f(44). List the prime factors of 20/z*15/10 - -1236.
17, 73
Let i(l) be the first derivative of -4*l**2 + 4*l - 32. Let n be i(2). List the prime factors of (701/(-3) + 4/n)/(-2).
3, 13
Let g = -822 - -822. Suppose 3*h - z - 939 = -g*z, z = -3*h + 933. List the prime factors of h.
2, 3, 13
Suppose -4*q - 8*i + 9*i = 1510, 8 = -4*i. Let l = -277 + 145. Let y = l - q. List the prime factors of y.
2, 3, 41
Let d(b) be the third derivative of -25*b**4/12 - 41*b**3/2 - 74*b**2. What are the prime factors of d(-9)?
3, 109
Suppose 0 = -4*d + 5*b + 205416, 6 = 2*b - 2. What are the prime factors of d?
7, 11, 23, 29
Let o(p) = -2*p**2 + 23*p - 36. Let k be o(16). Suppose 4*c - 304 = 3*c. Let l = k + c. List the prime factors of l.
2, 31
Let x(g) be the second derivative of -g**3/6 + 11*g**2/2 - 24*g. List the prime factors of x(8).
3
Suppose -54062 + 12303 = -3*d + 4*o, 69601 = 5*d - 4*o. List the prime factors of d.
13921
Let i be ((-6)/12)/(6/(-48)). Suppose 0*x = 3*x + 90. List the prime factors of 3279/45 - (124/x + i).
73
Let a(y) = -2*y**3 + 39*y**2 - 17*y - 36. Let z be a(19). Suppose i = 5*n - 6, -6*i + 5*n + 6 = -z*i. What are the prime factors of i?
2
Let s(m) = -2*m + 18. Let a be s(11). Let h be ((-6)/(-12))/(a/648). Let q = h - -165. What are the prime factors of q?
2, 3, 7
Suppose -3*t + 4*b = -21 + 1, -5*b - 30 = -5*t. Suppose 2*g - x - 16 = 3*x, 39 = t*g - x. Let u(n) = 2*n**2 - 8*n - 24. List the prime factors of u(g).
2, 3
Let f(w) = 115*w**3 + 5*w**2 + 44*w - 5. List the prime factors of f(8).
3, 23, 863
Suppose 19 = 3*o - 116. Let d(g) = -44 - 5*g**3 - g**2 - 3*g + o + 6*g + 0*g. What are the prime factors of d(-2)?
31
Let p(x) = -4*x**2 - 5